- 5. Let w be y(0). Let i(s) = s**3 + 6*s**2 + 7*s + 5. Give i(w).
-5
Let r(p) = -3*p**2 + 2*p - 1. Let k(g) = g + 1. Let t(q) = 2*q - 3. Let m(n) = 3*k(n) - t(n). Let z be m(-5). Give r(z).
-2
Let n(a) = 7*a**3 - a**2 + 2*a - 1. Let g(l) = 2*l - 3. Let x be g(2). Let z be 4*((-1)/(-4))/x. Determine n(z).
7
Let c(l) be the second derivative of l**5/10 - l**4/4 + 2*l**3/3 - l**2 - 32*l. Let p(o) = -o + 2. Let k be p(0). Give c(k).
10
Let h(k) = -k + 10. Let o be h(7). Let i(s) = s - s**3 - 2*s + 4*s**2 - 2 - 1 + o*s. What is i(4)?
5
Let j(q) = q**2 + 5*q - 7. Let r be (-5 - 0) + (0 - 2). Give j(r).
7
Let p(s) = -3*s - 3*s**2 - 2*s + 2*s. Let r(x) be the first derivative of -x**3/3 + 5*x**2/2 + 4*x + 1. Let g be r(6). Give p(g).
-6
Let g(h) = 1 - 12*h**2 - h**2 + 7*h**2. Suppose -v + 2*v = 5*l - 11, 0 = 3*v - 2*l + 7. Determine g(v).
-5
Let b(m) = 2*m**2 - 2*m. Suppose 11*x - 7*x = 12. What is b(x)?
12
Let r(u) = -2*u. Let y = 0 + 6. What is r(y)?
-12
Let m(g) = -2 - 5*g - 13 + 21 - 5 + g. Let l be -1*2 + 0 + 1. Calculate m(l).
5
Let v(p) = p**3 - 3*p**2 + p. Suppose 4 = 4*h - 4. Let s be v(h). Let b(q) = -q + 1. Let l(i) = -3. Let u(n) = s*b(n) - l(n). Give u(3).
7
Let s(b) = 12*b - 2. Let k(g) = 23*g - 5. Let l(d) = 2*k(d) - 5*s(d). Determine l(1).
-14
Let r(g) = 3*g**2 + 11*g + 4. Let l(k) = -10*k**2 - 34*k - 13. Let o(x) = 2*l(x) + 7*r(x). Let v = -128 + 122. Determine o(v).
-16
Let x be ((-12)/(-10))/(6/45). Let p = x - 11. Let z(d) = d**2 - d + 1. Calculate z(p).
7
Suppose -3*v = v. Let r(k) = k + 2*k - 6 + v*k - 2*k. Calculate r(0).
-6
Let b be (8 - 5) + -1 + 0 + 0. Suppose 0*w = 4*w + 4*g - 32, -g = -5. Let f(k) = 3*k**2 + k**w - k - 2 - 2*k**2 + k**2. Give f(b).
12
Let s = -6 + 2. Let z(o) = 2*o**2 - 1 + 0*o**3 + o**3 + 3*o**2 + 3*o + 0*o**3. What is z(s)?
3
Let u(p) = 6*p**3 - 4*p**2 + 6*p + 1. Let k(g) be the first derivative of 5*g**4/4 - g**3 + 5*g**2/2 + 5. Let t(m) = 5*k(m) - 4*u(m). What is t(0)?
-4
Let m(l) = 7*l**2 + 4*l - 1. Let q(i) = 34*i**2 + 20*i - 4. Let g(k) = -14*m(k) + 3*q(k). Suppose -4*z = 5 + 3. Calculate g(z).
10
Let m(h) = h + 2. Suppose -12 = -5*g + g - 4*a, -a + 13 = 3*g. Determine m(g).
7
Let a(h) be the second derivative of -3/2*h**2 + 1/2*h**3 - 1/12*h**4 + 0 + 6*h. Let l be 4/(4/2)*1. What is a(l)?
-1
Let g(v) be the first derivative of -v**5/20 + v**4/12 + v**3/6 - 9*v**2/2 + 2*v + 4. Let a(f) be the first derivative of g(f). Calculate a(0).
-9
Let o be 1 - (4 + -1*2). Let w(a) be the first derivative of -a**7/840 + a**6/360 - a**4/24 - a**3/3 + 2. Let p(z) be the third derivative of w(z). Give p(o).
1
Let c(w) be the third derivative of -w**5/60 + w**4/12 - 26*w**2. Calculate c(2).
0
Let l(r) = 5*r - 1. Let h(q) = 4 + q**2 - 2*q - 3*q + 2*q - 2*q. Let d be h(2). What is l(d)?
-11
Let r(o) = 5 - 1 + o + 8. Determine r(-6).
6
Let h(q) = q**3 + 6*q**2 + 4*q + 3. Suppose 4*f + 2*w = -20, 3*w = f - 2*w - 17. What is h(f)?
18
Let l = 10 + -5. Let t be -1*2/(2/(-9)). Suppose -2*c + 4*z + 20 = 0, t = 4*c - l*z - 16. Let o(v) = v + 7. Give o(c).
7
Let b(i) = -i - 4. Let w(m) = -4*m - 13. Let y(z) = -14*b(z) + 4*w(z). What is y(5)?
-6
Let s(g) = -g**2 + 5*g + 4. Let u be s(3). Suppose -4*x + 2 = -u. Let n(c) = -2*c + 1. Determine n(x).
-5
Let k(q) be the second derivative of q**4/12 + q**3 - q**2/2 - 4*q. Let j be 0/(-4) + 1 + 0. Let d = j + -7. What is k(d)?
-1
Let q(n) be the first derivative of -7 + 4*n**2 + 8*n + 7/3*n**3 + 1/4*n**4. Determine q(-6).
-4
Let i(w) = w + 10. Let v be i(-7). Suppose q + 1 = v. Suppose -5 = 4*x + 5*g, -15 = q*x + 5*g - 0. Let u(k) = -k**2 + 6*k + 1. What is u(x)?
6
Suppose -4*l = -l - a - 1, -5*a = -4*l - 17. Let u be -6*(-3)/(9/l). Let v(x) be the second derivative of x**4/12 - x**3/3 - x**2 - 56*x - 1. Give v(u).
6
Let c(g) = 3*g**2 + 5 + 3*g**2 - 8*g - 5*g**2. Determine c(6).
-7
Let k(g) = g - 1. Let x be (-9)/(-3) + -2 + 1. Determine k(x).
1
Let j(d) = 1 + 2 + 1 + d - 13*d**2 + 2*d**2. Let q(b) = -5*b**2 + 2. Let s(a) = 6*j(a) - 13*q(a). Calculate s(6).
-2
Let n(r) be the first derivative of -r**2 + 4*r + 1. Let p be 1 - (-7)/((-14)/(-8)). Give n(p).
-6
Suppose -3*p = -18 + 3. Let l be (-4 - -2) + (2 + -2 - -7). Suppose -3*n - 2 - p = -l*a, -5*a = -25. Let d(m) = m - 4. Calculate d(n).
2
Let s(p) = -p**2 - 6*p - 2. Let k be (-44)/5*(-5)/2. Let t be 2/1 + k + -2. Suppose t = -5*c + 2. Give s(c).
6
Let d(p) = 2*p + 37. Let u(l) = -l - 18. Let k(j) = 6*d(j) + 13*u(j). Calculate k(-6).
-6
Let d(v) = -4*v**2 - 9*v + 9. Let m(o) = 5*o**2 + 9*o - 10. Let b(y) = -6*d(y) - 5*m(y). What is b(9)?
-4
Let a(k) be the second derivative of k**5/20 + 5*k**4/12 - k**3 - k**2 - k. Let t be a(-6). Let f = t - -7. Let h(y) = -y - 2. What is h(f)?
-7
Let v(l) be the second derivative of -l**7/2520 + l**6/720 + l**5/60 - l**4/12 + l. Let y(g) be the third derivative of v(g). What is y(0)?
2
Let y(i) = 3 - 5*i + 1 - 9*i**2 + 3*i**2 - i**3. Suppose -v - 4*m = 4, -2*m - 1 = -2*v - 49. Let p be v/(-16)*(-6 + 2). Calculate y(p).
4
Let w be (2/6)/((-3)/18). Suppose 2*h + 5*c + 10 = -3*h, h - 3*c = 10. Let q(k) = -3*k + 2*k + 7*k + h. Give q(w).
-11
Let n(t) = -t**2 - 5*t - 2. Suppose 3*k + 11 = 4*s, 2*k + 17 = -k - 2*s. Calculate n(k).
-2
Suppose 0 = 3*q + 5*p + 29, 0 = -q + 3*p - 6*p - 15. Let m(v) = -v**3 - 3*v**2 + 3*v. Give m(q).
-9
Let o(g) be the first derivative of -2*g**2 + g - 7. Calculate o(3).
-11
Let x(f) = -5*f**2 - f - 1. Let b = -18 + 17. Calculate x(b).
-5
Suppose 3*w - 3*a + 5*a - 10 = 0, -5*w + 18 = 4*a. Let v(p) be the first derivative of -1 + p - 4/3*p**3 + 1/2*p**4 + p**2. Calculate v(w).
5
Let q(h) = 4*h - 4. Let l(k) = 5*k - 5. Let o(z) = -3*l(z) + 4*q(z). Give o(-4).
-5
Let w(r) = -4*r - 6. Let q(b) = -b - 1. Suppose 11 + 1 = 4*y. Let u = -64 - -49. Let l(h) = u*q(h) + y*w(h). Determine l(3).
6
Suppose -u = -2*l + 8, -5*l + 4*u + 20 = 2*u. Suppose -2*d + l = -d. Suppose -5*c + d + 21 = 0. Let m(p) = p**3 - 4*p**2 - 7*p + 6. Determine m(c).
-4
Suppose -6 = -7*g + 4*g. Let i(k) = -5*k + 7. Let y(v) = -11*v + 0 + 9 + 6. Let z(w) = 9*i(w) - 4*y(w). Give z(g).
1
Let z be ((-16)/8)/(4/(-6)). Let t(r) = -r**3 + 4*r**2 - 2*r - 4. Calculate t(z).
-1
Let f(b) = b**2 + b + 1. Suppose 0 = -5*j - 4*h - 8, -4*j - 4*h - 14 = -6. Calculate f(j).
1
Let f be 2/(3/(-6) - -1). Let k(z) = 3*z - 1. Calculate k(f).
11
Let h(s) = -s - 4 + 19*s**2 + s**3 - 19*s**2. Let i(v) = -v**3 + 3*v**2 - 2*v. Let k be i(2). Determine h(k).
-4
Let t be (-9)/(-2)*(-2)/(-3). Suppose 0 = -3*j + 2*j - t. Let k(s) be the third derivative of -s**6/120 - s**5/20 + s**4/24 - s**2. Determine k(j).
-3
Let p = 2 - 0. Let f(n) = 2*n**3 + 5 + n**2 - 3*n**3 - p*n**2 - n. Determine f(0).
5
Let z = 272 - 277. Let p(o) = 5*o - 6. Let x(f) = -2*f + 2. Let s(l) = 3*p(l) + 8*x(l). Determine s(z).
3
Let d(h) = -h**3 + 3*h**2 + 3*h. Let s = -40 + 44. What is d(s)?
-4
Let g = -11 + 7. Let w = -2 + -2. Let s be 1/w - 21/g. Let x(t) = t**2 - 5*t - 5. Calculate x(s).
-5
Suppose 5*u = 139 + 11. Let b be (-10)/15*u/(-4). Let o(h) = -2 - 1 + b - h. Calculate o(-2).
4
Let l(g) = -4*g**2 - 2*g - 1. Let k(a) = 2*a**2 - a + 1. Let t be k(1). Let w be t*(3/(-2))/3. Give l(w).
-3
Let h(x) = -2*x - 2. Let v be h(-3). Let z(b) = -b. Give z(v).
-4
Let o(k) = -k**3 - k**2 + 1. Let l(x) = x**3 - 2*x**2 - 2*x - 2. Let d(q) = l(q) + 2*o(q). Let b = -33 - -21. Let y = -14 - b. Calculate d(y).
-4
Let m(q) = q**2 + 8*q + 3. Let o be m(-8). Let v(y) = 2*y. Give v(o).
6
Suppose -3*i + 5 = q, q - 12 = -5*i - 3. Suppose -a + i*a = 3. Let r(k) = k**2 - k. Determine r(a).
6
Let w(n) be the third derivative of 0 - 1/3*n**3 + 1/120*n**6 + 1/4*n**4 - n**2 + 0*n - 1/10*n**5. What is w(5)?
3
Let p be (-4)/(-6) + (-20)/(-6). Suppose -p*l = -l - 12. Let q(r) be the first derivative of r**2 - 5*r + 1. What is q(l)?
3
Let o(t) = 4*t - 1. Let d(f) = 9*f - 3. Let s(b) = b - 4. Let i be s(5). Suppose -i - 4 = g. Let a(x) = g*o(x) + 2*d(x). Determine a(2).
-5
Let q(a) = 2*a - 29. Let y be q(14). Let f(c) = 3*c**3 - 2*c**2 - c. Calculate f(y).
-4
Let v = -8 - -2. Let n(z) = z + 9. Calculate n(v).
3
Let u = -3 + -2. Let a(l) = l**2 + 2 + 3*l**2 + 2*l**2 + 7*l + l**3 + 0*l**2. Determine a(u).
-8
Let f(z) = z**3 + 5*z**2 + z - 4. Let j be 396/90 - 3/(-5). Suppose -l + 20 = -j*l. Wha